{"id":24,"date":"2025-11-11T12:21:12","date_gmt":"2025-11-11T12:21:12","guid":{"rendered":"https:\/\/www.vladorafael.sk\/resources\/"},"modified":"2025-11-26T19:59:33","modified_gmt":"2025-11-26T19:59:33","slug":"workshopsandseminars","status":"publish","type":"page","link":"https:\/\/www.vladorafael.sk\/en\/workshopsandseminars\/","title":{"rendered":"Workshops and Seminars"},"content":{"rendered":"<h2 class=\"wp-block-heading alignwide has-manrope-font-family has-large-font-size\" style=\"padding-top:var(--wp--preset--spacing--20);padding-bottom:var(--wp--preset--spacing--20)\">Workshopy a&nbsp;semin\u00e1re<\/h2>\n\n\n\n<div class=\"wp-block-group alignwide is-vertical is-content-justification-center is-layout-flex wp-container-core-group-is-layout-ce155fab wp-block-group-is-layout-flex\">\n<div class=\"wp-block-columns is-layout-flex wp-container-core-columns-is-layout-28f84493 wp-block-columns-is-layout-flex\">\n<div class=\"wp-block-column is-layout-flow wp-block-column-is-layout-flow\" style=\"flex-basis:100%\">\n<p class=\"has-text-align-left has-manrope-font-family has-medium-font-size\">On Thursday, November 13, I once again led a workshop with kindergarten teachers in Podunajsk\u00e9 Biskupice. They presented their desegregation plans for gradually building an inclusive environment for all children. I am very pleased with how the schools embraced this task and how well-thought-out their planned steps are. In my work, I drew on the School (De)Segregation Index, of which I am the author and which I am currently piloting in school settings.<\/p>\n<\/div>\n<\/div>\n\n\n\n<div style=\"height:22px\" aria-hidden=\"true\" class=\"wp-block-spacer wp-container-content-d62f4c8e\"><\/div>\n\n\n\n<div class=\"wp-block-group is-content-justification-center is-nowrap is-layout-flex wp-container-core-group-is-layout-23441af8 wp-block-group-is-layout-flex\">\n<figure class=\"wp-block-image size-large is-resized\" style=\"margin-top:0;margin-bottom:0\"><img loading=\"lazy\" decoding=\"async\" width=\"1024\" height=\"665\" src=\"https:\/\/www.vladorafael.sk\/wp-content\/uploads\/2025\/11\/foto-c.-1-1024x665.jpg\" alt=\"\" class=\"wp-image-444\" style=\"width:415px;height:auto\" srcset=\"https:\/\/www.vladorafael.sk\/wp-content\/uploads\/2025\/11\/foto-c.-1-1024x665.jpg 1024w, https:\/\/www.vladorafael.sk\/wp-content\/uploads\/2025\/11\/foto-c.-1-300x195.jpg 300w, https:\/\/www.vladorafael.sk\/wp-content\/uploads\/2025\/11\/foto-c.-1-768x498.jpg 768w, https:\/\/www.vladorafael.sk\/wp-content\/uploads\/2025\/11\/foto-c.-1-1536x997.jpg 1536w, https:\/\/www.vladorafael.sk\/wp-content\/uploads\/2025\/11\/foto-c.-1-18x12.jpg 18w, https:\/\/www.vladorafael.sk\/wp-content\/uploads\/2025\/11\/foto-c.-1.jpg 2048w\" sizes=\"auto, (max-width: 1024px) 100vw, 1024px\" \/><\/figure>\n\n\n\n<figure class=\"wp-block-image size-large is-resized\"><img loading=\"lazy\" decoding=\"async\" width=\"1024\" height=\"768\" src=\"https:\/\/www.vladorafael.sk\/wp-content\/uploads\/2025\/11\/foto-c.2-1024x768.jpg\" alt=\"\" class=\"wp-image-445\" style=\"width:360px;height:auto\" srcset=\"https:\/\/www.vladorafael.sk\/wp-content\/uploads\/2025\/11\/foto-c.2-1024x768.jpg 1024w, https:\/\/www.vladorafael.sk\/wp-content\/uploads\/2025\/11\/foto-c.2-300x225.jpg 300w, https:\/\/www.vladorafael.sk\/wp-content\/uploads\/2025\/11\/foto-c.2-768x576.jpg 768w, https:\/\/www.vladorafael.sk\/wp-content\/uploads\/2025\/11\/foto-c.2-1536x1152.jpg 1536w, https:\/\/www.vladorafael.sk\/wp-content\/uploads\/2025\/11\/foto-c.2-16x12.jpg 16w, https:\/\/www.vladorafael.sk\/wp-content\/uploads\/2025\/11\/foto-c.2.jpg 2048w\" sizes=\"auto, (max-width: 1024px) 100vw, 1024px\" \/><\/figure>\n<\/div>\n\n\n\n<div style=\"height:8px\" aria-hidden=\"true\" class=\"wp-block-spacer wp-container-content-7d115344\"><\/div>\n\n\n\n<p class=\"has-text-align-left has-manrope-font-family has-medium-font-size\">I would like to express my gratitude to the Head of Education  Office in Podunajsk\u00e9 Biskupice, Svetlana S\u00edthov\u00e1, as well as to all principals and teachers. Thanks to this cooperation, I was able to support all primary and kindergarten schools in developing desegregation plans that gradually aim to eliminate the risk of segregation and strengthen inclusive education.<\/p>\n<\/div>","protected":false},"excerpt":{"rendered":"<p>Workshopy a&nbsp;semin\u00e1re Vo \u0161tvrtok 13. novembra som op\u00e4\u0165 viedol workshop s u\u010dite\u013ekami matersk\u00fdch \u0161k\u00f4l v Podunajsk\u00fdch Biskupiciach. Predstavili svoje desegrega\u010dn\u00e9 pl\u00e1ny na postupn\u00e9 budovanie inkluz\u00edvneho prostredia pre v\u0161etky deti. M\u00e1m ve\u013ek\u00fa rados\u0165 z toho, ako \u0161koly t\u00fato \u00falohu prijali a ak\u00e9 premyslen\u00e9 kroky pripravili. Pri pr\u00e1ci som vych\u00e1dzal z Indexu \u0161kolskej (de)segreg\u00e1cie, ktor\u00e9ho som autor [&hellip;]<\/p>","protected":false},"author":1,"featured_media":0,"parent":0,"menu_order":0,"comment_status":"closed","ping_status":"closed","template":"page-with-title","meta":{"footnotes":""},"class_list":["post-24","page","type-page","status-publish","hentry"],"aioseo_notices":[],"_links":{"self":[{"href":"https:\/\/www.vladorafael.sk\/en\/wp-json\/wp\/v2\/pages\/24","targetHints":{"allow":["GET"]}}],"collection":[{"href":"https:\/\/www.vladorafael.sk\/en\/wp-json\/wp\/v2\/pages"}],"about":[{"href":"https:\/\/www.vladorafael.sk\/en\/wp-json\/wp\/v2\/types\/page"}],"author":[{"embeddable":true,"href":"https:\/\/www.vladorafael.sk\/en\/wp-json\/wp\/v2\/users\/1"}],"replies":[{"embeddable":true,"href":"https:\/\/www.vladorafael.sk\/en\/wp-json\/wp\/v2\/comments?post=24"}],"version-history":[{"count":10,"href":"https:\/\/www.vladorafael.sk\/en\/wp-json\/wp\/v2\/pages\/24\/revisions"}],"predecessor-version":[{"id":452,"href":"https:\/\/www.vladorafael.sk\/en\/wp-json\/wp\/v2\/pages\/24\/revisions\/452"}],"wp:attachment":[{"href":"https:\/\/www.vladorafael.sk\/en\/wp-json\/wp\/v2\/media?parent=24"}],"curies":[{"name":"wp","href":"https:\/\/api.w.org\/{rel}","templated":true}]}}

<h2 class="wp-block-heading alignwide has-manrope-font-family has-large-font-size" style="padding-top:var(--wp--preset--spacing--20);padding-bottom:var(--wp--preset--spacing--20)">Workshopy a&nbsp;semináre</h2>



<div class="wp-block-group alignwide is-vertical is-content-justification-center is-layout-flex wp-container-core-group-is-layout-ce155fab wp-block-group-is-layout-flex">
<div class="wp-block-columns is-layout-flex wp-container-core-columns-is-layout-28f84493 wp-block-columns-is-layout-flex">
<div class="wp-block-column is-layout-flow wp-block-column-is-layout-flow" style="flex-basis:100%">
<p class="has-text-align-left has-manrope-font-family has-medium-font-size">On Thursday, November 13, I once again led a workshop with kindergarten teachers in Podunajské Biskupice. They presented their desegregation plans for gradually building an inclusive environment for all children. I am very pleased with how the schools embraced this task and how well-thought-out their planned steps are. In my work, I drew on the School (De)Segregation Index, of which I am the author and which I am currently piloting in school settings.</p>
</div>
</div>



<div style="height:22px" aria-hidden="true" class="wp-block-spacer wp-container-content-d62f4c8e"></div>



<div class="wp-block-group is-content-justification-center is-nowrap is-layout-flex wp-container-core-group-is-layout-23441af8 wp-block-group-is-layout-flex">
<figure class="wp-block-image size-large is-resized" style="margin-top:0;margin-bottom:0"><img loading="lazy" decoding="async" width="1024" height="665" src="https://www.vladorafael.sk/wp-content/uploads/2025/11/foto-c.-1-1024x665.jpg" alt="" class="wp-image-444" style="width:415px;height:auto" srcset="https://www.vladorafael.sk/wp-content/uploads/2025/11/foto-c.-1-1024x665.jpg 1024w, https://www.vladorafael.sk/wp-content/uploads/2025/11/foto-c.-1-300x195.jpg 300w, https://www.vladorafael.sk/wp-content/uploads/2025/11/foto-c.-1-768x498.jpg 768w, https://www.vladorafael.sk/wp-content/uploads/2025/11/foto-c.-1-1536x997.jpg 1536w, https://www.vladorafael.sk/wp-content/uploads/2025/11/foto-c.-1-18x12.jpg 18w, https://www.vladorafael.sk/wp-content/uploads/2025/11/foto-c.-1.jpg 2048w" sizes="auto, (max-width: 1024px) 100vw, 1024px" /></figure>



<figure class="wp-block-image size-large is-resized"><img loading="lazy" decoding="async" width="1024" height="768" src="https://www.vladorafael.sk/wp-content/uploads/2025/11/foto-c.2-1024x768.jpg" alt="" class="wp-image-445" style="width:360px;height:auto" srcset="https://www.vladorafael.sk/wp-content/uploads/2025/11/foto-c.2-1024x768.jpg 1024w, https://www.vladorafael.sk/wp-content/uploads/2025/11/foto-c.2-300x225.jpg 300w, https://www.vladorafael.sk/wp-content/uploads/2025/11/foto-c.2-768x576.jpg 768w, https://www.vladorafael.sk/wp-content/uploads/2025/11/foto-c.2-1536x1152.jpg 1536w, https://www.vladorafael.sk/wp-content/uploads/2025/11/foto-c.2-16x12.jpg 16w, https://www.vladorafael.sk/wp-content/uploads/2025/11/foto-c.2.jpg 2048w" sizes="auto, (max-width: 1024px) 100vw, 1024px" /></figure>
</div>



<div style="height:8px" aria-hidden="true" class="wp-block-spacer wp-container-content-7d115344"></div>



<p class="has-text-align-left has-manrope-font-family has-medium-font-size">I would like to express my gratitude to the Head of Education  Office in Podunajské Biskupice, Svetlana Síthová, as well as to all principals and teachers. Thanks to this cooperation, I was able to support all primary and kindergarten schools in developing desegregation plans that gradually aim to eliminate the risk of segregation and strengthen inclusive education.</p>
</div>

<p>Workshopy a&nbsp;semináre Vo štvrtok 13. novembra som opäť viedol workshop s učiteľkami materských škôl v Podunajských Biskupiciach. Predstavili svoje desegregačné plány na postupné budovanie inkluzívneho prostredia pre všetky deti. Mám veľkú radosť z toho, ako školy túto úlohu prijali a aké premyslené kroky pripravili. Pri práci som vychádzal z Indexu školskej (de)segregácie, ktorého som autor [&hellip;]</p>
