{"id":25,"date":"2025-11-11T12:21:13","date_gmt":"2025-11-11T12:21:13","guid":{"rendered":"https:\/\/www.vladorafael.sk\/testimonials\/"},"modified":"2025-11-23T14:39:54","modified_gmt":"2025-11-23T14:39:54","slug":"mediaandoutputs","status":"publish","type":"page","link":"https:\/\/www.vladorafael.sk\/en\/mediaandoutputs\/","title":{"rendered":"Videos and Media Outputs"},"content":{"rendered":"<h2 class=\"wp-block-heading alignwide has-manrope-font-family has-large-font-size\" style=\"padding-top:var(--wp--preset--spacing--20);padding-bottom:var(--wp--preset--spacing--20)\">Vide\u00e1 a&nbsp;medi\u00e1lne v\u00fdstupy<\/h2>\n\n\n\n<div class=\"wp-block-group has-global-padding is-layout-constrained wp-block-group-is-layout-constrained\">\n<div class=\"wp-block-group has-global-padding is-layout-constrained wp-block-group-is-layout-constrained\">\n<figure class=\"wp-block-embed aligncenter is-type-video is-provider-youtube wp-block-embed-youtube wp-embed-aspect-16-9 wp-has-aspect-ratio\"><div class=\"wp-block-embed__wrapper\">\n<iframe loading=\"lazy\" title=\"Kamila Guni\u0161ov\u00e1: Segreg\u00e1cia r\u00f3mskych det\u00ed v slovensk\u00fdch \u0161kol\u00e1ch\" width=\"500\" height=\"281\" src=\"https:\/\/www.youtube.com\/embed\/tSKoxWSxXWQ?feature=oembed\" frameborder=\"0\" allow=\"accelerometer; autoplay; clipboard-write; encrypted-media; gyroscope; picture-in-picture; web-share\" referrerpolicy=\"strict-origin-when-cross-origin\" allowfullscreen><\/iframe>\n<\/div><\/figure>\n\n\n\n<p class=\"has-foreground-color has-text-color has-link-color has-medium-font-size wp-elements-ab06dd9936ee00c01e8448c2d9ac722b\">Vlado Rafael discusses with Kamila Guni\u0161ov\u00e1 from Amnesty International Slovakia the issue of educating Roma children in Slovak schools and how state institutions as well as the public respond to the criticism raised by the human rights organization.<\/p>\n<\/div>\n<\/div>","protected":false},"excerpt":{"rendered":"<p>Vide\u00e1 a&nbsp;medi\u00e1lne v\u00fdstupy Vlado Rafael diskutuje s Kamilou Guni\u0161ovou z Amnesty International Slovensko o probl\u00e9me vzdel\u00e1vania r\u00f3mskych det\u00ed v slovensk\u00fdch \u0161kol\u00e1ch, o tom, ako na kritiku \u013eudskopr\u00e1vnej organiz\u00e1cie reaguj\u00fa \u0161t\u00e1tne in\u0161tit\u00facie aj verejnos\u0165.<\/p>","protected":false},"author":1,"featured_media":0,"parent":0,"menu_order":0,"comment_status":"closed","ping_status":"closed","template":"page-with-title","meta":{"footnotes":""},"class_list":["post-25","page","type-page","status-publish","hentry"],"aioseo_notices":[],"_links":{"self":[{"href":"https:\/\/www.vladorafael.sk\/en\/wp-json\/wp\/v2\/pages\/25","targetHints":{"allow":["GET"]}}],"collection":[{"href":"https:\/\/www.vladorafael.sk\/en\/wp-json\/wp\/v2\/pages"}],"about":[{"href":"https:\/\/www.vladorafael.sk\/en\/wp-json\/wp\/v2\/types\/page"}],"author":[{"embeddable":true,"href":"https:\/\/www.vladorafael.sk\/en\/wp-json\/wp\/v2\/users\/1"}],"replies":[{"embeddable":true,"href":"https:\/\/www.vladorafael.sk\/en\/wp-json\/wp\/v2\/comments?post=25"}],"version-history":[{"count":9,"href":"https:\/\/www.vladorafael.sk\/en\/wp-json\/wp\/v2\/pages\/25\/revisions"}],"predecessor-version":[{"id":368,"href":"https:\/\/www.vladorafael.sk\/en\/wp-json\/wp\/v2\/pages\/25\/revisions\/368"}],"wp:attachment":[{"href":"https:\/\/www.vladorafael.sk\/en\/wp-json\/wp\/v2\/media?parent=25"}],"curies":[{"name":"wp","href":"https:\/\/api.w.org\/{rel}","templated":true}]}}

<h2 class="wp-block-heading alignwide has-manrope-font-family has-large-font-size" style="padding-top:var(--wp--preset--spacing--20);padding-bottom:var(--wp--preset--spacing--20)">Videá a&nbsp;mediálne výstupy</h2>



<div class="wp-block-group has-global-padding is-layout-constrained wp-block-group-is-layout-constrained">
<div class="wp-block-group has-global-padding is-layout-constrained wp-block-group-is-layout-constrained">
<figure class="wp-block-embed aligncenter is-type-video is-provider-youtube wp-block-embed-youtube wp-embed-aspect-16-9 wp-has-aspect-ratio"><div class="wp-block-embed__wrapper">
<iframe loading="lazy" title="Kamila Gunišová: Segregácia rómskych detí v slovenských školách" width="500" height="281" src="https://www.youtube.com/embed/tSKoxWSxXWQ?feature=oembed" frameborder="0" allow="accelerometer; autoplay; clipboard-write; encrypted-media; gyroscope; picture-in-picture; web-share" referrerpolicy="strict-origin-when-cross-origin" allowfullscreen></iframe>
</div></figure>



<p class="has-foreground-color has-text-color has-link-color has-medium-font-size wp-elements-ab06dd9936ee00c01e8448c2d9ac722b">Vlado Rafael discusses with Kamila Gunišová from Amnesty International Slovakia the issue of educating Roma children in Slovak schools and how state institutions as well as the public respond to the criticism raised by the human rights organization.</p>
</div>
</div>

<p>Videá a&nbsp;mediálne výstupy Vlado Rafael diskutuje s Kamilou Gunišovou z Amnesty International Slovensko o probléme vzdelávania rómskych detí v slovenských školách, o tom, ako na kritiku ľudskoprávnej organizácie reagujú štátne inštitúcie aj verejnosť.</p>
